 {"id":12,"date":"2016-02-09T22:02:33","date_gmt":"2016-02-09T21:02:33","guid":{"rendered":"https:\/\/zabnica.e-przedszkolak.eu\/?page_id=12"},"modified":"2016-02-18T22:16:55","modified_gmt":"2016-02-18T21:16:55","slug":"o-nas","status":"publish","type":"page","link":"https:\/\/zabnica.e-przedszkolak.eu\/archiwum\/o-nas\/","title":{"rendered":"O nas"},"content":{"rendered":"<p><a href=\"https:\/\/zabnica.e-przedszkolak.eu\/archiwum\/wp-content\/uploads\/2016\/02\/o_nas.png\" rel=\"attachment wp-att-71\"><img loading=\"lazy\" decoding=\"async\" class=\"alignnone size-medium wp-image-71\" src=\"https:\/\/zabnica.e-przedszkolak.eu\/archiwum\/wp-content\/uploads\/2016\/02\/o_nas-300x190.png\" alt=\"o_nas\" width=\"300\" height=\"190\" srcset=\"https:\/\/zabnica.e-przedszkolak.eu\/archiwum\/wp-content\/uploads\/2016\/02\/o_nas-300x190.png 300w, https:\/\/zabnica.e-przedszkolak.eu\/archiwum\/wp-content\/uploads\/2016\/02\/o_nas.png 414w\" sizes=\"auto, (max-width: 300px) 100vw, 300px\" \/><\/a><\/p>\n<p style=\"text-align: justify;\" align=\"justify\"><em>\u017babnica to wie\u015b w gminie W\u0119gierska-G\u00f3rka po\u0142o\u017cona w Beskidzie \u017bywieckim, rozci\u0105ga si\u0119 wzd\u0142u\u017c potoku o tej samej nazwie, pomi\u0119dzy grzbietami Lipowskiej, Prusowa i Abrahamowa.<\/em><\/p>\n<p style=\"text-align: justify;\" align=\"justify\"><em>G\u0142\u00f3wne przysi\u00f3\u0142ki wsi podchodz\u0105 pod Boracz\u0105 i podn\u00f3\u017ce Romanki. <\/em><\/p>\n<p style=\"text-align: justify;\" align=\"justify\"><em> Wie\u015b \u017babnica ci\u0105gnie si\u0119 wzd\u0142u\u017c 12-sto kilometrowej drogi. W samym \u015brodku wsi po\u0142o\u017cone jest przedszkole.<\/em><\/p>\n<p style=\"text-align: justify;\" align=\"justify\"><em> Po\u0142o<\/em>\u017cenie <em>przedszkola nie jest korzystne dla wszystkich mieszka\u0144c\u00f3w wsi, od przedszkola do niekt\u00f3rych budynk\u00f3w mieszkalnych odleg\u0142o\u015b\u0107 wynosi nawet do 10 km. <\/em><\/p>\n<p align=\"justify\"><em> Przedszkole istnieje od 1951 roku, od 1982 roku mie\u015bci si\u0119 w obecnym <\/em><\/p>\n<p align=\"justify\"><em>budynku. W roku 2001 zlikwidowano piwnice w kt\u00f3rych obecnie mieszcz\u0105 si\u0119 pomieszczenia dla dzieci. W roku 2013 rozpoczeto rozbudow\u0119 budynku przedszkolnego o Bibliotek\u0119 i \u015bwietlic\u0119 (stanowi\u0105c\u0105 Fili\u0119 Biblioteki Publicznej w W\u0119gierskiej G\u00f3rce). Budow\u0119 zako\u0144czono we wrze\u015bniu 2014 a do u\u017cytku przedszkola przeznaczono \u015bwietlic\u0119, kt\u00f3ra mie\u015bci si\u0119 w g\u00f3rnej cz\u0119\u015bci budynku.. <\/em><\/p>\n<p><em>Piecz\u0119 nad przedszkolem stanowi Urz\u0105d Gminy W\u0119gierska G\u00f3rka.<\/em><\/p>\n<p align=\"justify\"><em> Obecnie do Przedszkola w \u017babnicy ucz\u0119szcza 100 dzieci co stanowi 5 grup przedszkolnych z kt\u00f3rych ka\u017cda ma swoj\u0105 nazw\u0119. Nazywamy si\u0119 Krasnoludki, Muchomorki, Zielone \u017cabki, Smerfy oraz Biedroneczki.<\/em><\/p>\n","protected":false},"excerpt":{"rendered":"<p>\u017babnica to wie\u015b w gminie W\u0119gierska-G\u00f3rka po\u0142o\u017cona w Beskidzie \u017bywieckim, rozci\u0105ga si\u0119 wzd\u0142u\u017c potoku o tej samej nazwie, pomi\u0119dzy grzbietami Lipowskiej, Prusowa i Abrahamowa. G\u0142\u00f3wne przysi\u00f3\u0142ki wsi podchodz\u0105 pod Boracz\u0105 i podn\u00f3\u017ce Romanki. Wie\u015b \u017babnica ci\u0105gnie si\u0119 wzd\u0142u\u017c 12-sto kilometrowej drogi. W samym \u015brodku wsi po\u0142o\u017cone jest przedszkole. Po\u0142o\u017cenie przedszkola nie jest korzystne dla wszystkich [&hellip;]<\/p>\n","protected":false},"author":1,"featured_media":0,"parent":0,"menu_order":0,"comment_status":"closed","ping_status":"closed","template":"","meta":{"ngg_post_thumbnail":0,"footnotes":""},"class_list":["post-12","page","type-page","status-publish","hentry"],"_links":{"self":[{"href":"https:\/\/zabnica.e-przedszkolak.eu\/archiwum\/wp-json\/wp\/v2\/pages\/12","targetHints":{"allow":["GET"]}}],"collection":[{"href":"https:\/\/zabnica.e-przedszkolak.eu\/archiwum\/wp-json\/wp\/v2\/pages"}],"about":[{"href":"https:\/\/zabnica.e-przedszkolak.eu\/archiwum\/wp-json\/wp\/v2\/types\/page"}],"author":[{"embeddable":true,"href":"https:\/\/zabnica.e-przedszkolak.eu\/archiwum\/wp-json\/wp\/v2\/users\/1"}],"replies":[{"embeddable":true,"href":"https:\/\/zabnica.e-przedszkolak.eu\/archiwum\/wp-json\/wp\/v2\/comments?post=12"}],"version-history":[{"count":3,"href":"https:\/\/zabnica.e-przedszkolak.eu\/archiwum\/wp-json\/wp\/v2\/pages\/12\/revisions"}],"predecessor-version":[{"id":73,"href":"https:\/\/zabnica.e-przedszkolak.eu\/archiwum\/wp-json\/wp\/v2\/pages\/12\/revisions\/73"}],"wp:attachment":[{"href":"https:\/\/zabnica.e-przedszkolak.eu\/archiwum\/wp-json\/wp\/v2\/media?parent=12"}],"curies":[{"name":"wp","href":"https:\/\/api.w.org\/{rel}","templated":true}]}}

<p><a href="https://zabnica.e-przedszkolak.eu/archiwum/wp-content/uploads/2016/02/o_nas.png" rel="attachment wp-att-71"><img loading="lazy" decoding="async" class="alignnone size-medium wp-image-71" src="https://zabnica.e-przedszkolak.eu/archiwum/wp-content/uploads/2016/02/o_nas-300x190.png" alt="o_nas" width="300" height="190" srcset="https://zabnica.e-przedszkolak.eu/archiwum/wp-content/uploads/2016/02/o_nas-300x190.png 300w, https://zabnica.e-przedszkolak.eu/archiwum/wp-content/uploads/2016/02/o_nas.png 414w" sizes="auto, (max-width: 300px) 100vw, 300px" /></a></p>
<p style="text-align: justify;" align="justify"><em>Żabnica to wieś w gminie Węgierska-Górka położona w Beskidzie Żywieckim, rozciąga się wzdłuż potoku o tej samej nazwie, pomiędzy grzbietami Lipowskiej, Prusowa i Abrahamowa.</em></p>
<p style="text-align: justify;" align="justify"><em>Główne przysiółki wsi podchodzą pod Boraczą i podnóże Romanki. </em></p>
<p style="text-align: justify;" align="justify"><em> Wieś Żabnica ciągnie się wzdłuż 12-sto kilometrowej drogi. W samym środku wsi położone jest przedszkole.</em></p>
<p style="text-align: justify;" align="justify"><em> Poło</em>żenie <em>przedszkola nie jest korzystne dla wszystkich mieszkańców wsi, od przedszkola do niektórych budynków mieszkalnych odległość wynosi nawet do 10 km. </em></p>
<p align="justify"><em> Przedszkole istnieje od 1951 roku, od 1982 roku mieści się w obecnym </em></p>
<p align="justify"><em>budynku. W roku 2001 zlikwidowano piwnice w których obecnie mieszczą się pomieszczenia dla dzieci. W roku 2013 rozpoczeto rozbudowę budynku przedszkolnego o Bibliotekę i świetlicę (stanowiącą Filię Biblioteki Publicznej w Węgierskiej Górce). Budowę zakończono we wrześniu 2014 a do użytku przedszkola przeznaczono świetlicę, która mieści się w górnej części budynku.. </em></p>
<p><em>Pieczę nad przedszkolem stanowi Urząd Gminy Węgierska Górka.</em></p>
<p align="justify"><em> Obecnie do Przedszkola w Żabnicy uczęszcza 100 dzieci co stanowi 5 grup przedszkolnych z których każda ma swoją nazwę. Nazywamy się Krasnoludki, Muchomorki, Zielone żabki, Smerfy oraz Biedroneczki.</em></p>

<p>Żabnica to wieś w gminie Węgierska-Górka położona w Beskidzie Żywieckim, rozciąga się wzdłuż potoku o tej samej nazwie, pomiędzy grzbietami Lipowskiej, Prusowa i Abrahamowa. Główne przysiółki wsi podchodzą pod Boraczą i podnóże Romanki. Wieś Żabnica ciągnie się wzdłuż 12-sto kilometrowej drogi. W samym środku wsi położone jest przedszkole. Położenie przedszkola nie jest korzystne dla wszystkich [&hellip;]</p>
