 {"id":14,"date":"2016-02-09T22:02:44","date_gmt":"2016-02-09T21:02:44","guid":{"rendered":"https:\/\/zabnica.e-przedszkolak.eu\/?page_id=14"},"modified":"2024-10-03T10:35:27","modified_gmt":"2024-10-03T08:35:27","slug":"kadra","status":"publish","type":"page","link":"https:\/\/zabnica.e-przedszkolak.eu\/archiwum\/kadra\/","title":{"rendered":"Kadra"},"content":{"rendered":"<h2>DYREKTOR:<\/h2>\n<p><span style=\"text-decoration: underline;\"><strong>mgr Magdalena Figura<\/strong><\/span><\/p>\n<p>&nbsp;<\/p>\n<h2>PERSONEL PEDAGOGICZNY:<\/h2>\n<p>grupa \u201eZielone \u017cabki\u201d- mgr Maria Figura- Motyka<\/p>\n<p>grupa \u201eKrasnoludki\u201d- mgr Justyna Harat<\/p>\n<p>grupa \u201e\u201dBiedronki\u201d- mgr Mariola Biegun<\/p>\n<p>grupa \u201eMalinki\u201d-mgr Barbara B\u0142achut<\/p>\n<p>grupa \u201eSmerfy\u201d- mgr Ewa Suchanek<\/p>\n<p>&nbsp;<\/p>\n<h2><strong>NAUCZYCIELE WSPOMAGAJ\u0104CY I REWALIDANCI:<\/strong><\/h2>\n<div>\n<p>mgr Anna Kurowska: wspomagaj\u0105cy, pedagog specjalny, oligofrenopedagog<\/p>\n<p>mgr Weronika Wojty\u0142a: wspomagaj\u0105cy, oligofrenopedagog<\/p>\n<p>mgr Agnieszka Golec: wspomagaj\u0105cy, oligofrenopedagog<\/p>\n<p>mgr Barbara Zawada \u2013Tyrlik: wspomagaj\u0105cy, neurologopeda, surdopedagog<\/p>\n<p>mgr Paulina Duda- mgr wychowania przedszkolnego<\/p>\n<p>mgr Magdalena Krestian \u2013 j\u0119zyka angielski<\/p>\n<p>&nbsp;mgr Magdalena \u015aleziak &#8211; religia<\/p>\n<\/div>\n<div>&nbsp;<\/div>\n<h2><b>PERSONEL OBS\u0141UGI TECHNICZNEJ:<\/b><\/h2>\n<div>\n<p>Ma\u0142gorzata Wiercigroch \u2013 szef kuchni<\/p>\n<p>Katarzyna Pielichowska &#8211; intendent<\/p>\n<p>Angelika \u015awider &#8211; obs\u0142uga<\/p>\n<p>Franciszek Dro\u017cd\u017c &#8211; konserwator<\/p>\n<\/div>\n","protected":false},"excerpt":{"rendered":"<p>DYREKTOR: mgr Magdalena Figura &nbsp; PERSONEL PEDAGOGICZNY: grupa \u201eZielone \u017cabki\u201d- mgr Maria Figura- Motyka grupa \u201eKrasnoludki\u201d- mgr Justyna Harat grupa \u201e\u201dBiedronki\u201d- mgr Mariola Biegun grupa \u201eMalinki\u201d-mgr Barbara B\u0142achut grupa \u201eSmerfy\u201d- mgr Ewa Suchanek &nbsp; NAUCZYCIELE WSPOMAGAJ\u0104CY I REWALIDANCI: mgr Anna Kurowska: wspomagaj\u0105cy, pedagog specjalny, oligofrenopedagog mgr Weronika Wojty\u0142a: wspomagaj\u0105cy, oligofrenopedagog mgr Agnieszka Golec: wspomagaj\u0105cy, oligofrenopedagog [&hellip;]<\/p>\n","protected":false},"author":1,"featured_media":0,"parent":0,"menu_order":0,"comment_status":"closed","ping_status":"closed","template":"","meta":{"ngg_post_thumbnail":0,"footnotes":""},"class_list":["post-14","page","type-page","status-publish","hentry"],"_links":{"self":[{"href":"https:\/\/zabnica.e-przedszkolak.eu\/archiwum\/wp-json\/wp\/v2\/pages\/14","targetHints":{"allow":["GET"]}}],"collection":[{"href":"https:\/\/zabnica.e-przedszkolak.eu\/archiwum\/wp-json\/wp\/v2\/pages"}],"about":[{"href":"https:\/\/zabnica.e-przedszkolak.eu\/archiwum\/wp-json\/wp\/v2\/types\/page"}],"author":[{"embeddable":true,"href":"https:\/\/zabnica.e-przedszkolak.eu\/archiwum\/wp-json\/wp\/v2\/users\/1"}],"replies":[{"embeddable":true,"href":"https:\/\/zabnica.e-przedszkolak.eu\/archiwum\/wp-json\/wp\/v2\/comments?post=14"}],"version-history":[{"count":11,"href":"https:\/\/zabnica.e-przedszkolak.eu\/archiwum\/wp-json\/wp\/v2\/pages\/14\/revisions"}],"predecessor-version":[{"id":5205,"href":"https:\/\/zabnica.e-przedszkolak.eu\/archiwum\/wp-json\/wp\/v2\/pages\/14\/revisions\/5205"}],"wp:attachment":[{"href":"https:\/\/zabnica.e-przedszkolak.eu\/archiwum\/wp-json\/wp\/v2\/media?parent=14"}],"curies":[{"name":"wp","href":"https:\/\/api.w.org\/{rel}","templated":true}]}}

<h2>DYREKTOR:</h2>
<p><span style="text-decoration: underline;"><strong>mgr Magdalena Figura</strong></span></p>
<p>&nbsp;</p>
<h2>PERSONEL PEDAGOGICZNY:</h2>
<p>grupa „Zielone żabki”- mgr Maria Figura- Motyka</p>
<p>grupa „Krasnoludki”- mgr Justyna Harat</p>
<p>grupa „”Biedronki”- mgr Mariola Biegun</p>
<p>grupa „Malinki”-mgr Barbara Błachut</p>
<p>grupa „Smerfy”- mgr Ewa Suchanek</p>
<p>&nbsp;</p>
<h2><strong>NAUCZYCIELE WSPOMAGAJĄCY I REWALIDANCI:</strong></h2>
<div>
<p>mgr Anna Kurowska: wspomagający, pedagog specjalny, oligofrenopedagog</p>
<p>mgr Weronika Wojtyła: wspomagający, oligofrenopedagog</p>
<p>mgr Agnieszka Golec: wspomagający, oligofrenopedagog</p>
<p>mgr Barbara Zawada –Tyrlik: wspomagający, neurologopeda, surdopedagog</p>
<p>mgr Paulina Duda- mgr wychowania przedszkolnego</p>
<p>mgr Magdalena Krestian – języka angielski</p>
<p>&nbsp;mgr Magdalena Śleziak &#8211; religia</p>
</div>
<div>&nbsp;</div>
<h2><b>PERSONEL OBSŁUGI TECHNICZNEJ:</b></h2>
<div>
<p>Małgorzata Wiercigroch – szef kuchni</p>
<p>Katarzyna Pielichowska &#8211; intendent</p>
<p>Angelika Świder &#8211; obsługa</p>
<p>Franciszek Drożdż &#8211; konserwator</p>
</div>

<p>DYREKTOR: mgr Magdalena Figura &nbsp; PERSONEL PEDAGOGICZNY: grupa „Zielone żabki”- mgr Maria Figura- Motyka grupa „Krasnoludki”- mgr Justyna Harat grupa „”Biedronki”- mgr Mariola Biegun grupa „Malinki”-mgr Barbara Błachut grupa „Smerfy”- mgr Ewa Suchanek &nbsp; NAUCZYCIELE WSPOMAGAJĄCY I REWALIDANCI: mgr Anna Kurowska: wspomagający, pedagog specjalny, oligofrenopedagog mgr Weronika Wojtyła: wspomagający, oligofrenopedagog mgr Agnieszka Golec: wspomagający, oligofrenopedagog [&hellip;]</p>
