 {"id":3545,"date":"2021-03-18T14:03:54","date_gmt":"2021-03-18T13:03:54","guid":{"rendered":"https:\/\/zabnica.e-przedszkolak.eu\/?page_id=3545"},"modified":"2023-01-20T22:28:29","modified_gmt":"2023-01-20T21:28:29","slug":"rodo","status":"publish","type":"page","link":"https:\/\/zabnica.e-przedszkolak.eu\/archiwum\/rodo\/","title":{"rendered":"RODO"},"content":{"rendered":"<hr>\n<p style=\"text-align: justify;\">W zwi\u0105zku z art. 13 ust. 1 i ust. 2 Rozporz\u0105dzenia Parlamentu Europejskiego i Rady (UE) 2016\/679 z 27 kwietnia 2016 r. w sprawie ochrony os\u00f3b fizycznych w zwi\u0105zku z przetwarzaniem danych osobowych i w sprawie swobodnego przep\u0142ywu takich danych oraz uchylenia dyrektywy 95\/46\/WE (og\u00f3lne rozporz\u0105dzenie o ochronie danych) (Dz. Urz. UE L z&nbsp;04.05.2016 r., Nr 119, s. 1) informujemy, i\u017c:<\/p>\n<p style=\"text-align: justify;\">&nbsp;<\/p>\n<p style=\"text-align: justify;\"><strong>1. Administrator danych.<\/strong><\/p>\n<p style=\"text-align: justify;\">Administratorem Pani\/Pana danych osobowych jest <strong>Przedszkole w \u017babnicy, ul. Szkolna 3, 34-350 W\u0119gierska G\u00f3rka<\/strong>.<\/p>\n<p style=\"text-align: justify;\"><strong>2. Inspektor ochrony danych.<\/strong><\/p>\n<p style=\"text-align: justify;\">Administrator wyznaczy\u0142 Inspektora Ochrony Danych, z kt\u00f3rym mo\u017ce si\u0119 Pani\/Pan skontaktowa\u0107 w sprawach zwi\u0105zanych z ochron\u0105 danych osobowych, w nast\u0119puj\u0105cy spos\u00f3b:<\/p>\n<ul style=\"text-align: justify;\">\n<li>e-mail: iodo@marwikpoland.pl<\/li>\n<li>pisemnie na adres siedziby Administratora.<\/li>\n<li>Cele przetwarzania danych osobowych i podstawa prawna.<\/li>\n<\/ul>\n<ol style=\"text-align: justify;\">\n<li>Dane Pani\/Pana oraz dziecka przetwarzane b\u0119d\u0105 w zwi\u0105zku z realizacj\u0105 zada\u0144 w\u0142asnych<br \/>\nb\u0105d\u017a zleconych okre\u015blonych przepisami prawa<em>,<\/em> w celu realizacji przys\u0142uguj\u0105cych uprawnie\u0144, b\u0105d\u017a spe\u0142nienia przez <strong>Przedszkole w \u017babnicy<\/strong>&nbsp;obowi\u0105zk\u00f3w okre\u015blonych przepisami prawa albo jest niezb\u0119dne do wykonania zadania realizowanego w interesie publicznym lub w ramach sprawowania w\u0142adzy publicznej.<\/li>\n<li>Przetwarzanie mo\u017ce by\u0107 r\u00f3wnie\u017c niezb\u0119dne w celu wykonania umowy, kt\u00f3rej Pan\/Pani jest stron\u0105 lub do podj\u0119cia dzia\u0142a\u0144, na Pani\/Pana \u017c\u0105danie, przed zawarciem umowy.<\/li>\n<li>Mog\u0105 r\u00f3wnie\u017c wyst\u0105pi\u0107 przypadki w kt\u00f3rych zostanie Pan\/Pani poproszony\/a o wyra\u017cenie zgody na przetwarzanie danych osobowych w okre\u015blonym celu i zakresie.<\/li>\n<li>Odbiorcy danych osobowych.<\/li>\n<\/ol>\n<p style=\"text-align: justify;\">W zwi\u0105zku z przetwarzaniem danych w celu wynikaj\u0105cego z przepis\u00f3w prawa, dane osobowe nie b\u0119d\u0105 podlega\u0142y udost\u0119pnieniu podmiotom trzecim. Odbiorcami danych b\u0119d\u0105 tylko instytucje upowa\u017cnione z mocy prawa.<\/p>\n<p style=\"text-align: justify;\"><strong>3. Okres przechowywania danych osobowych.<\/strong><\/p>\n<p style=\"text-align: justify;\">Dane osobowe przetwarzane przez <strong>Przedszkole w \u017babnicy<\/strong>&nbsp;przechowywane b\u0119d\u0105 przez okres niezb\u0119dny do realizacji celu dla jakiego zosta\u0142y zebrane oraz zgodnie z terminami archiwizacji okre\u015blonymi przez ustawy kompetencyjne lub ustaw\u0119 z dnia 14 lipca 1983 r. o narodowym zasobie archiwalnym i archiwach (Dz. U. z 2020, poz. 164 z p\u00f3\u017an. zm.), w tym Rozporz\u0105dzenie Prezesa Rady Ministr\u00f3w z dnia 18 stycznia 2011 r. w sprawie instrukcji kancelaryjnej, jednolitych rzeczowych wykaz\u00f3w akt oraz instrukcji w sprawie organizacji i zakresu dzia\u0142ania archiw\u00f3w zak\u0142adowych. Oznacza to, \u017ce dane osobowe mog\u0105 zosta\u0107 zniszczone po up\u0142ywie od 5 do 50 lat, zale\u017cnie od kategorii archiwalnej danej sprawy.<\/p>\n<p style=\"text-align: justify;\"><strong>4. Prawa os\u00f3b, kt\u00f3rych dane dotycz\u0105, dost\u0119pu do danych osobowych.<\/strong><\/p>\n<p style=\"text-align: justify;\">Na zasadach okre\u015blonych przepisami RODO, posiada Pani\/Pan prawo do \u017c\u0105dania od administratora:<\/p>\n<ul style=\"text-align: justify;\">\n<li>dost\u0119pu do tre\u015bci swoich oraz dziecka danych osobowych,<\/li>\n<li>sprostowania (poprawiania) danych osobowych,<\/li>\n<li>usuni\u0119cia danych osobowych,<\/li>\n<li>ograniczenia przetwarzania danych osobowych,<\/li>\n<li>przenoszenia danych osobowych,<\/li>\n<li>prawo do wniesienia sprzeciwu wobec przetwarzania danych osobowych.<\/li>\n<\/ul>\n<p style=\"text-align: justify;\"><strong>5. Prawo do cofni\u0119cia zgody.<\/strong><\/p>\n<p style=\"text-align: justify;\">&nbsp;&nbsp;&nbsp; 1.&nbsp;&nbsp;&nbsp; Tam, gdzie do przetwarzania danych osobowych konieczne jest wyra\u017cenie zgody, zawsze ma Pan\/Pani prawo nie wyrazi\u0107 zgody, a w przypadku jej wcze\u015bniejszego wyra\u017cenia, do cofni\u0119cia zgody.<\/p>\n<p style=\"text-align: justify;\">&nbsp; &nbsp;2.&nbsp;&nbsp;&nbsp; Wycofanie zgody nie ma wp\u0142ywu na przetwarzanie Pani\/Pana oraz dziecka danych do momentu jej wycofania.<\/p>\n<p style=\"text-align: justify;\"><strong>6. Prawo wniesienia skargi do organu nadzorczego.<\/strong><\/p>\n<p style=\"text-align: justify;\">Gdy uzna Pani\/Pan, i\u017c przetwarzanie Pani\/Pana oraz dziecka danych osobowych narusza przepisy o&nbsp;ochronie danych osobowych, przys\u0142uguje Pani\/Panu prawo do wniesienia skargi do organu nadzorczego, kt\u00f3rym jest Prezes Urz\u0119du Ochrony Danych Osobowych (<strong>Urz\u0105d Ochrony Danych Osobowych<\/strong>, ul. Stawki 2, 00-193 Warszawa).<\/p>\n<ol style=\"text-align: justify;\">\n<li>Informacja o wymogu\/dobrowolno\u015bci podania danych oraz konsekwencjach niepodania danych osobowych.<\/li>\n<li>Podanie przez Pani\u0105\/Pana danych osobowych mo\u017ce by\u0107 wymogiem:<\/li>\n<\/ol>\n<ul style=\"text-align: justify;\">\n<li>ustawowym,<\/li>\n<li>umownym,<\/li>\n<li>warunkiem zawarcia umowy,<\/li>\n<\/ul>\n<p style=\"text-align: justify;\">do kt\u00f3rych podania b\u0119dzie Pani\/Pan zobowi\u0105zana\/y.<\/p>\n<ol style=\"text-align: justify;\" start=\"2\">\n<li>W przypadku, gdy b\u0119dzie istnia\u0142 obowi\u0105zek ustawowy, a nie poda Pani\/Pan swoich lub dziecka danych, nie b\u0119dziemy mogli zrealizowa\u0107 zadania ustawowego, co mo\u017ce skutkowa\u0107 konsekwencjami przewidzianymi przepisami prawa.<\/li>\n<li>W przypadku, gdy b\u0119dzie istnia\u0142 wym\u00f3g umowny, a nie poda Pani\/Pan swoich lub dziecka danych, nie b\u0119dziemy mogli wykona\u0107 takiej umowy.<\/li>\n<li>W przypadku, kiedy podanie danych b\u0119dzie warunkiem zawarcia umowy, a nie poda Pani\/Pan swoich lub dziecka danych, nie b\u0119dziemy mogli zawrze\u0107 takiej umowy.<\/li>\n<\/ol>\n<p style=\"text-align: justify;\"><strong>7. Zautomatyzowane podejmowanie decyzji, profilowanie.<\/strong><\/p>\n<p style=\"text-align: justify;\">Pani\/Pana oraz dziecka dane osobowe nie b\u0119d\u0105 przetwarzane w spos\u00f3b zautomatyzowany i nie b\u0119d\u0105 profilowane.<\/p>\n<hr>\n<p><strong><u>Inspektor ochrony danych<\/u><\/strong><\/p>\n<p>&nbsp;<\/p>\n<p style=\"text-align: justify;\">W <strong>Przedszkolu w \u017babnicy, ul. Szkolna 3, 34-350 W\u0119gierska G\u00f3rka<\/strong>, zgodnie z art. 37 pkt. 1 lit. a Rozporz\u0105dzenia Parlamentu Europejskiego i Rady (UE) 2016\/679 z 27 kwietnia 2016 r. w sprawie ochrony os\u00f3b fizycznych w zwi\u0105zku z przetwarzaniem danych osobowych i w sprawie swobodnego przep\u0142ywu takich danych oraz uchylenia dyrektywy 95\/46\/WE (og\u00f3lne rozporz\u0105dzenie o ochronie danych) (Dz. Urz. UE L z&nbsp;04.05.2016 r., Nr 119, s. 1) (dalej RODO) powo\u0142ano inspektora ochrony danych.<\/p>\n<p><strong>Inspektor ochrony danych: Marek Wo\u017aniak<\/strong><\/p>\n<p>Kontakt z inspektorem ochrony danych:<\/p>\n<ol>\n<li>e-mail: iodo@marwikpoland.pl<\/li>\n<li>pisemnie na adres siedziby Administratora.<\/li>\n<\/ol>\n<p style=\"text-align: justify;\">Osoby, kt\u00f3rych dane dotycz\u0105, mog\u0105 kontaktowa\u0107 si\u0119 z inspektorem ochrony danych we wszystkich sprawach zwi\u0105zanych z przetwarzaniem przez administratora ich danych osobowych oraz z wykonywaniem przez administratora praw przys\u0142uguj\u0105cych im na mocy RODO.<\/p>\n<p style=\"text-align: justify;\">Inspektor ochrony danych jest zobowi\u0105zany do zachowania tajemnicy lub poufno\u015bci co do wykonywania swoich zada\u0144.<\/p>\n<hr>\n<p style=\"text-align: justify;\"><strong>Przedszkole w \u017babnicy, ul. Szkolna 3, 34-350 W\u0119gierska G\u00f3rka<\/strong> dok\u0142ada wszelkich stara\u0144, aby dla danych osobowych, kt\u00f3re pozyskuje w celu realizowania swoich zada\u0144 ustawowych oraz statutowych, zapewni\u0107 wszelkie \u015brodki fizycznej, technicznej i organizacyjnej ochrony danych osobowych przed ich przypadkowym czy umy\u015blnym zniszczeniem, przypadkow\u0105 utrat\u0105, zmian\u0105, nieuprawnionym ujawnieniem, wykorzystaniem czy te\u017c dost\u0119pem.<\/p>\n<p style=\"text-align: justify;\">Dane osobowe, dla kt\u00f3rych administratorem jest <strong>Przedszkole w \u017babnicy&nbsp; <\/strong>przetwarzane s\u0105:<\/p>\n<ol>\n<li style=\"text-align: justify;\">zgodnie z prawem;<\/li>\n<li style=\"text-align: justify;\">zbierane w konkretnych, wyra\u017anych i prawnie uzasadnionych celach i nieprzetwarzane dalej w spos\u00f3b niezgodny z tymi celami (dalsze przetwarzanie do cel\u00f3w archiwalnych w interesie publicznym, do cel\u00f3w bada\u0144 naukowych lub historycznych lub do cel\u00f3w statystycznych jest uznawane w my\u015bl punktu (50) Rozporz\u0105dzenia Parlamentu Europejskiego i Rady (UE) 2016\/679 z 27 kwietnia 2016 r. w sprawie ochrony os\u00f3b fizycznych w zwi\u0105zku z przetwarzaniem danych osobowych i w sprawie swobodnego przep\u0142ywu takich danych oraz uchylenia dyrektywy 95\/46\/WE (og\u00f3lne rozporz\u0105dzenie o ochronie danych) (Dz. Urz. UE L z&nbsp;04.05.2016 r., Nr 119, s. 1) (dalej RODO) za zgodne z prawem i pierwotnymi celami);<\/li>\n<li style=\"text-align: justify;\">adekwatne, stosowne oraz ograniczone do tego, co niezb\u0119dne do cel\u00f3w, w kt\u00f3rych s\u0105 przetwarzane , w my\u015bl zasady \u201eminimalizacji danych\u201d;<\/li>\n<li style=\"text-align: justify;\">prawid\u0142owe i w razie potrzeby uaktualniane, a administrator podejmuje wszelkie rozs\u0105dne dzia\u0142ania, aby dane osobowe, kt\u00f3re s\u0105 nieprawid\u0142owe w \u015bwietle cel\u00f3w ich przetwarzania, zosta\u0142y niezw\u0142ocznie usuni\u0119te lub sprostowane;<\/li>\n<li style=\"text-align: justify;\">przechowywane w formie umo\u017cliwiaj\u0105cej identyfikacj\u0119 osoby, kt\u00f3rej dane dotycz\u0105, przez okres nie d\u0142u\u017cszy, ni\u017c jest to niezb\u0119dne do cel\u00f3w, w kt\u00f3rych dane te s\u0105 przetwarzane, z zastrze\u017ceniem ,\u017ce dane osobowe mo\u017cna przechowywa\u0107 przez okres d\u0142u\u017cszy, o ile b\u0119d\u0105 one przetwarzane wy\u0142\u0105cznie do cel\u00f3w archiwalnych w interesie publicznym, do cel\u00f3w bada\u0144 naukowych lub historycznych lub do cel\u00f3w statystycznych na mocy art. 89 ust. 1 RODO i wdro\u017cone zostan\u0105 odpowiednie \u015brodki techniczne i organizacyjne wymagane na mocy RODO w celu ochrony praw i wolno\u015bci os\u00f3b, kt\u00f3rych dane dotycz\u0105;<\/li>\n<li style=\"text-align: justify;\">przetwarzane w spos\u00f3b zapewniaj\u0105cy odpowiednie bezpiecze\u0144stwo danych osobowych, w tym ochron\u0119 przed niedozwolonym lub niezgodnym z prawem przetwarzaniem oraz przypadkow\u0105 utrat\u0105, zniszczeniem lub uszkodzeniem, za pomoc\u0105 odpowiednich \u015brodk\u00f3w technicznych lub organizacyjnych.<\/li>\n<\/ol>\n","protected":false},"excerpt":{"rendered":"<p>W zwi\u0105zku z art. 13 ust. 1 i ust. 2 Rozporz\u0105dzenia Parlamentu Europejskiego i Rady (UE) 2016\/679 z 27 kwietnia 2016 r. w sprawie ochrony os\u00f3b fizycznych w zwi\u0105zku z przetwarzaniem danych osobowych i w sprawie swobodnego przep\u0142ywu takich danych oraz uchylenia dyrektywy 95\/46\/WE (og\u00f3lne rozporz\u0105dzenie o ochronie danych) (Dz. Urz. UE L z&nbsp;04.05.2016 r., [&hellip;]<\/p>\n","protected":false},"author":3,"featured_media":0,"parent":0,"menu_order":0,"comment_status":"closed","ping_status":"closed","template":"","meta":{"ngg_post_thumbnail":0,"footnotes":""},"class_list":["post-3545","page","type-page","status-publish","hentry"],"_links":{"self":[{"href":"https:\/\/zabnica.e-przedszkolak.eu\/archiwum\/wp-json\/wp\/v2\/pages\/3545","targetHints":{"allow":["GET"]}}],"collection":[{"href":"https:\/\/zabnica.e-przedszkolak.eu\/archiwum\/wp-json\/wp\/v2\/pages"}],"about":[{"href":"https:\/\/zabnica.e-przedszkolak.eu\/archiwum\/wp-json\/wp\/v2\/types\/page"}],"author":[{"embeddable":true,"href":"https:\/\/zabnica.e-przedszkolak.eu\/archiwum\/wp-json\/wp\/v2\/users\/3"}],"replies":[{"embeddable":true,"href":"https:\/\/zabnica.e-przedszkolak.eu\/archiwum\/wp-json\/wp\/v2\/comments?post=3545"}],"version-history":[{"count":3,"href":"https:\/\/zabnica.e-przedszkolak.eu\/archiwum\/wp-json\/wp\/v2\/pages\/3545\/revisions"}],"predecessor-version":[{"id":4153,"href":"https:\/\/zabnica.e-przedszkolak.eu\/archiwum\/wp-json\/wp\/v2\/pages\/3545\/revisions\/4153"}],"wp:attachment":[{"href":"https:\/\/zabnica.e-przedszkolak.eu\/archiwum\/wp-json\/wp\/v2\/media?parent=3545"}],"curies":[{"name":"wp","href":"https:\/\/api.w.org\/{rel}","templated":true}]}}

<hr>
<p style="text-align: justify;">W związku z art. 13 ust. 1 i ust. 2 Rozporządzenia Parlamentu Europejskiego i Rady (UE) 2016/679 z 27 kwietnia 2016 r. w sprawie ochrony osób fizycznych w związku z przetwarzaniem danych osobowych i w sprawie swobodnego przepływu takich danych oraz uchylenia dyrektywy 95/46/WE (ogólne rozporządzenie o ochronie danych) (Dz. Urz. UE L z&nbsp;04.05.2016 r., Nr 119, s. 1) informujemy, iż:</p>
<p style="text-align: justify;">&nbsp;</p>
<p style="text-align: justify;"><strong>1. Administrator danych.</strong></p>
<p style="text-align: justify;">Administratorem Pani/Pana danych osobowych jest <strong>Przedszkole w Żabnicy, ul. Szkolna 3, 34-350 Węgierska Górka</strong>.</p>
<p style="text-align: justify;"><strong>2. Inspektor ochrony danych.</strong></p>
<p style="text-align: justify;">Administrator wyznaczył Inspektora Ochrony Danych, z którym może się Pani/Pan skontaktować w sprawach związanych z ochroną danych osobowych, w następujący sposób:</p>
<ul style="text-align: justify;">
<li>e-mail: iodo@marwikpoland.pl</li>
<li>pisemnie na adres siedziby Administratora.</li>
<li>Cele przetwarzania danych osobowych i podstawa prawna.</li>
</ul>
<ol style="text-align: justify;">
<li>Dane Pani/Pana oraz dziecka przetwarzane będą w związku z realizacją zadań własnych<br />
bądź zleconych określonych przepisami prawa<em>,</em> w celu realizacji przysługujących uprawnień, bądź spełnienia przez <strong>Przedszkole w Żabnicy</strong>&nbsp;obowiązków określonych przepisami prawa albo jest niezbędne do wykonania zadania realizowanego w interesie publicznym lub w ramach sprawowania władzy publicznej.</li>
<li>Przetwarzanie może być również niezbędne w celu wykonania umowy, której Pan/Pani jest stroną lub do podjęcia działań, na Pani/Pana żądanie, przed zawarciem umowy.</li>
<li>Mogą również wystąpić przypadki w których zostanie Pan/Pani poproszony/a o wyrażenie zgody na przetwarzanie danych osobowych w określonym celu i zakresie.</li>
<li>Odbiorcy danych osobowych.</li>
</ol>
<p style="text-align: justify;">W związku z przetwarzaniem danych w celu wynikającego z przepisów prawa, dane osobowe nie będą podlegały udostępnieniu podmiotom trzecim. Odbiorcami danych będą tylko instytucje upoważnione z mocy prawa.</p>
<p style="text-align: justify;"><strong>3. Okres przechowywania danych osobowych.</strong></p>
<p style="text-align: justify;">Dane osobowe przetwarzane przez <strong>Przedszkole w Żabnicy</strong>&nbsp;przechowywane będą przez okres niezbędny do realizacji celu dla jakiego zostały zebrane oraz zgodnie z terminami archiwizacji określonymi przez ustawy kompetencyjne lub ustawę z dnia 14 lipca 1983 r. o narodowym zasobie archiwalnym i archiwach (Dz. U. z 2020, poz. 164 z późn. zm.), w tym Rozporządzenie Prezesa Rady Ministrów z dnia 18 stycznia 2011 r. w sprawie instrukcji kancelaryjnej, jednolitych rzeczowych wykazów akt oraz instrukcji w sprawie organizacji i zakresu działania archiwów zakładowych. Oznacza to, że dane osobowe mogą zostać zniszczone po upływie od 5 do 50 lat, zależnie od kategorii archiwalnej danej sprawy.</p>
<p style="text-align: justify;"><strong>4. Prawa osób, których dane dotyczą, dostępu do danych osobowych.</strong></p>
<p style="text-align: justify;">Na zasadach określonych przepisami RODO, posiada Pani/Pan prawo do żądania od administratora:</p>
<ul style="text-align: justify;">
<li>dostępu do treści swoich oraz dziecka danych osobowych,</li>
<li>sprostowania (poprawiania) danych osobowych,</li>
<li>usunięcia danych osobowych,</li>
<li>ograniczenia przetwarzania danych osobowych,</li>
<li>przenoszenia danych osobowych,</li>
<li>prawo do wniesienia sprzeciwu wobec przetwarzania danych osobowych.</li>
</ul>
<p style="text-align: justify;"><strong>5. Prawo do cofnięcia zgody.</strong></p>
<p style="text-align: justify;">&nbsp;&nbsp;&nbsp; 1.&nbsp;&nbsp;&nbsp; Tam, gdzie do przetwarzania danych osobowych konieczne jest wyrażenie zgody, zawsze ma Pan/Pani prawo nie wyrazić zgody, a w przypadku jej wcześniejszego wyrażenia, do cofnięcia zgody.</p>
<p style="text-align: justify;">&nbsp; &nbsp;2.&nbsp;&nbsp;&nbsp; Wycofanie zgody nie ma wpływu na przetwarzanie Pani/Pana oraz dziecka danych do momentu jej wycofania.</p>
<p style="text-align: justify;"><strong>6. Prawo wniesienia skargi do organu nadzorczego.</strong></p>
<p style="text-align: justify;">Gdy uzna Pani/Pan, iż przetwarzanie Pani/Pana oraz dziecka danych osobowych narusza przepisy o&nbsp;ochronie danych osobowych, przysługuje Pani/Panu prawo do wniesienia skargi do organu nadzorczego, którym jest Prezes Urzędu Ochrony Danych Osobowych (<strong>Urząd Ochrony Danych Osobowych</strong>, ul. Stawki 2, 00-193 Warszawa).</p>
<ol style="text-align: justify;">
<li>Informacja o wymogu/dobrowolności podania danych oraz konsekwencjach niepodania danych osobowych.</li>
<li>Podanie przez Panią/Pana danych osobowych może być wymogiem:</li>
</ol>
<ul style="text-align: justify;">
<li>ustawowym,</li>
<li>umownym,</li>
<li>warunkiem zawarcia umowy,</li>
</ul>
<p style="text-align: justify;">do których podania będzie Pani/Pan zobowiązana/y.</p>
<ol style="text-align: justify;" start="2">
<li>W przypadku, gdy będzie istniał obowiązek ustawowy, a nie poda Pani/Pan swoich lub dziecka danych, nie będziemy mogli zrealizować zadania ustawowego, co może skutkować konsekwencjami przewidzianymi przepisami prawa.</li>
<li>W przypadku, gdy będzie istniał wymóg umowny, a nie poda Pani/Pan swoich lub dziecka danych, nie będziemy mogli wykonać takiej umowy.</li>
<li>W przypadku, kiedy podanie danych będzie warunkiem zawarcia umowy, a nie poda Pani/Pan swoich lub dziecka danych, nie będziemy mogli zawrzeć takiej umowy.</li>
</ol>
<p style="text-align: justify;"><strong>7. Zautomatyzowane podejmowanie decyzji, profilowanie.</strong></p>
<p style="text-align: justify;">Pani/Pana oraz dziecka dane osobowe nie będą przetwarzane w sposób zautomatyzowany i nie będą profilowane.</p>
<hr>
<p><strong><u>Inspektor ochrony danych</u></strong></p>
<p>&nbsp;</p>
<p style="text-align: justify;">W <strong>Przedszkolu w Żabnicy, ul. Szkolna 3, 34-350 Węgierska Górka</strong>, zgodnie z art. 37 pkt. 1 lit. a Rozporządzenia Parlamentu Europejskiego i Rady (UE) 2016/679 z 27 kwietnia 2016 r. w sprawie ochrony osób fizycznych w związku z przetwarzaniem danych osobowych i w sprawie swobodnego przepływu takich danych oraz uchylenia dyrektywy 95/46/WE (ogólne rozporządzenie o ochronie danych) (Dz. Urz. UE L z&nbsp;04.05.2016 r., Nr 119, s. 1) (dalej RODO) powołano inspektora ochrony danych.</p>
<p><strong>Inspektor ochrony danych: Marek Woźniak</strong></p>
<p>Kontakt z inspektorem ochrony danych:</p>
<ol>
<li>e-mail: iodo@marwikpoland.pl</li>
<li>pisemnie na adres siedziby Administratora.</li>
</ol>
<p style="text-align: justify;">Osoby, których dane dotyczą, mogą kontaktować się z inspektorem ochrony danych we wszystkich sprawach związanych z przetwarzaniem przez administratora ich danych osobowych oraz z wykonywaniem przez administratora praw przysługujących im na mocy RODO.</p>
<p style="text-align: justify;">Inspektor ochrony danych jest zobowiązany do zachowania tajemnicy lub poufności co do wykonywania swoich zadań.</p>
<hr>
<p style="text-align: justify;"><strong>Przedszkole w Żabnicy, ul. Szkolna 3, 34-350 Węgierska Górka</strong> dokłada wszelkich starań, aby dla danych osobowych, które pozyskuje w celu realizowania swoich zadań ustawowych oraz statutowych, zapewnić wszelkie środki fizycznej, technicznej i organizacyjnej ochrony danych osobowych przed ich przypadkowym czy umyślnym zniszczeniem, przypadkową utratą, zmianą, nieuprawnionym ujawnieniem, wykorzystaniem czy też dostępem.</p>
<p style="text-align: justify;">Dane osobowe, dla których administratorem jest <strong>Przedszkole w Żabnicy&nbsp; </strong>przetwarzane są:</p>
<ol>
<li style="text-align: justify;">zgodnie z prawem;</li>
<li style="text-align: justify;">zbierane w konkretnych, wyraźnych i prawnie uzasadnionych celach i nieprzetwarzane dalej w sposób niezgodny z tymi celami (dalsze przetwarzanie do celów archiwalnych w interesie publicznym, do celów badań naukowych lub historycznych lub do celów statystycznych jest uznawane w myśl punktu (50) Rozporządzenia Parlamentu Europejskiego i Rady (UE) 2016/679 z 27 kwietnia 2016 r. w sprawie ochrony osób fizycznych w związku z przetwarzaniem danych osobowych i w sprawie swobodnego przepływu takich danych oraz uchylenia dyrektywy 95/46/WE (ogólne rozporządzenie o ochronie danych) (Dz. Urz. UE L z&nbsp;04.05.2016 r., Nr 119, s. 1) (dalej RODO) za zgodne z prawem i pierwotnymi celami);</li>
<li style="text-align: justify;">adekwatne, stosowne oraz ograniczone do tego, co niezbędne do celów, w których są przetwarzane , w myśl zasady „minimalizacji danych”;</li>
<li style="text-align: justify;">prawidłowe i w razie potrzeby uaktualniane, a administrator podejmuje wszelkie rozsądne działania, aby dane osobowe, które są nieprawidłowe w świetle celów ich przetwarzania, zostały niezwłocznie usunięte lub sprostowane;</li>
<li style="text-align: justify;">przechowywane w formie umożliwiającej identyfikację osoby, której dane dotyczą, przez okres nie dłuższy, niż jest to niezbędne do celów, w których dane te są przetwarzane, z zastrzeżeniem ,że dane osobowe można przechowywać przez okres dłuższy, o ile będą one przetwarzane wyłącznie do celów archiwalnych w interesie publicznym, do celów badań naukowych lub historycznych lub do celów statystycznych na mocy art. 89 ust. 1 RODO i wdrożone zostaną odpowiednie środki techniczne i organizacyjne wymagane na mocy RODO w celu ochrony praw i wolności osób, których dane dotyczą;</li>
<li style="text-align: justify;">przetwarzane w sposób zapewniający odpowiednie bezpieczeństwo danych osobowych, w tym ochronę przed niedozwolonym lub niezgodnym z prawem przetwarzaniem oraz przypadkową utratą, zniszczeniem lub uszkodzeniem, za pomocą odpowiednich środków technicznych lub organizacyjnych.</li>
</ol>

<p>W związku z art. 13 ust. 1 i ust. 2 Rozporządzenia Parlamentu Europejskiego i Rady (UE) 2016/679 z 27 kwietnia 2016 r. w sprawie ochrony osób fizycznych w związku z przetwarzaniem danych osobowych i w sprawie swobodnego przepływu takich danych oraz uchylenia dyrektywy 95/46/WE (ogólne rozporządzenie o ochronie danych) (Dz. Urz. UE L z&nbsp;04.05.2016 r., [&hellip;]</p>
